{"id":771,"date":"2025-11-13T19:50:00","date_gmt":"2025-11-13T19:50:00","guid":{"rendered":"https:\/\/artisansrecuperateurs.com\/ArtisansWordpress\/?page_id=771"},"modified":"2025-11-27T15:31:31","modified_gmt":"2025-11-27T15:31:31","slug":"atelier1142-montreal76mtl-et-tom-et-talie-nathalie-barbeau","status":"publish","type":"page","link":"https:\/\/artisansrecuperateurs.com\/ArtisansWordpress\/index.php\/atelier1142-montreal76mtl-et-tom-et-talie-nathalie-barbeau\/","title":{"rendered":"MONTR\u00c9AL76MTL et Tom&#038;Talie"},"content":{"rendered":"\t\t<div data-elementor-type=\"wp-page\" data-elementor-id=\"771\" class=\"elementor elementor-771\">\n\t\t\t\t<div class=\"elementor-element elementor-element-2f67486c e-con-full e-flex e-con e-parent\" data-id=\"2f67486c\" data-element_type=\"container\">\n\t\t\t\t<div class=\"elementor-element elementor-element-1b7b4f09 elementor-widget__width-initial elementor-arrows-position-inside elementor-pagination-position-outside elementor-widget elementor-widget-image-carousel\" data-id=\"1b7b4f09\" data-element_type=\"widget\" data-settings=\"{&quot;slides_to_show&quot;:&quot;1&quot;,&quot;navigation&quot;:&quot;both&quot;,&quot;autoplay&quot;:&quot;yes&quot;,&quot;pause_on_hover&quot;:&quot;yes&quot;,&quot;pause_on_interaction&quot;:&quot;yes&quot;,&quot;autoplay_speed&quot;:5000,&quot;infinite&quot;:&quot;yes&quot;,&quot;effect&quot;:&quot;slide&quot;,&quot;speed&quot;:500}\" data-widget_type=\"image-carousel.default\">\n\t\t\t\t\t\t\t<div class=\"elementor-image-carousel-wrapper swiper\" role=\"region\" aria-roledescription=\"carousel\" aria-label=\"Carrousel d\u2019images\" dir=\"ltr\">\n\t\t\t<div class=\"elementor-image-carousel swiper-wrapper\" aria-live=\"off\">\n\t\t\t\t\t\t\t\t<div class=\"swiper-slide\" role=\"group\" aria-roledescription=\"slide\" aria-label=\"1 of 6\"><figure class=\"swiper-slide-inner\"><img decoding=\"async\" class=\"swiper-slide-image\" src=\"https:\/\/artisansrecuperateurs.com\/ArtisansWordpress\/wp-content\/uploads\/2025\/11\/Mtl76-logo_rgb_vfin-300x300.jpg\" alt=\"Stade-icon-2024\" \/><\/figure><\/div><div class=\"swiper-slide\" role=\"group\" aria-roledescription=\"slide\" aria-label=\"2 of 6\"><figure class=\"swiper-slide-inner\"><img decoding=\"async\" class=\"swiper-slide-image\" src=\"https:\/\/artisansrecuperateurs.com\/ArtisansWordpress\/wp-content\/uploads\/2025\/11\/atelier1142_tomtalie_porte-sacs-300x300.jpg\" alt=\"porte-sacs_03_lr\" \/><\/figure><\/div><div class=\"swiper-slide\" role=\"group\" aria-roledescription=\"slide\" aria-label=\"3 of 6\"><figure class=\"swiper-slide-inner\"><img decoding=\"async\" class=\"swiper-slide-image\" src=\"https:\/\/artisansrecuperateurs.com\/ArtisansWordpress\/wp-content\/uploads\/2025\/11\/atelier1142_tomtalie_bol-300x300.jpg\" alt=\"bol_02_lr\" \/><\/figure><\/div><div class=\"swiper-slide\" role=\"group\" aria-roledescription=\"slide\" aria-label=\"4 of 6\"><figure class=\"swiper-slide-inner\"><img decoding=\"async\" class=\"swiper-slide-image\" src=\"https:\/\/artisansrecuperateurs.com\/ArtisansWordpress\/wp-content\/uploads\/2025\/11\/atelier1142_mtl76mtl_trousse-300x300.jpg\" alt=\"IMG_7665 2_crop\" \/><\/figure><\/div><div class=\"swiper-slide\" role=\"group\" aria-roledescription=\"slide\" aria-label=\"5 of 6\"><figure class=\"swiper-slide-inner\"><img decoding=\"async\" class=\"swiper-slide-image\" src=\"https:\/\/artisansrecuperateurs.com\/ArtisansWordpress\/wp-content\/uploads\/2025\/11\/atelier1142_mtl76mtl_sacs_lr-300x300.jpg\" alt=\"atelier1142_mtl76mtl_sacs_lr\" \/><\/figure><\/div><div class=\"swiper-slide\" role=\"group\" aria-roledescription=\"slide\" aria-label=\"6 of 6\"><figure class=\"swiper-slide-inner\"><img decoding=\"async\" class=\"swiper-slide-image\" src=\"https:\/\/artisansrecuperateurs.com\/ArtisansWordpress\/wp-content\/uploads\/2025\/11\/atelier1142_mtl76mtl_etui-300x300.jpg\" alt=\"atelier1142_mtl76mtl_etui\" \/><\/figure><\/div>\t\t\t<\/div>\n\t\t\t\t\t\t\t\t\t\t\t\t<div class=\"elementor-swiper-button elementor-swiper-button-prev\" role=\"button\" tabindex=\"0\">\n\t\t\t\t\t\t<svg aria-hidden=\"true\" class=\"e-font-icon-svg e-eicon-chevron-left\" viewBox=\"0 0 1000 1000\" xmlns=\"http:\/\/www.w3.org\/2000\/svg\"><path d=\"M646 125C629 125 613 133 604 142L308 442C296 454 292 471 292 487 292 504 296 521 308 533L604 854C617 867 629 875 646 875 663 875 679 871 692 858 704 846 713 829 713 812 713 796 708 779 692 767L438 487 692 225C700 217 708 204 708 187 708 171 704 154 692 142 675 129 663 125 646 125Z\"><\/path><\/svg>\t\t\t\t\t<\/div>\n\t\t\t\t\t<div class=\"elementor-swiper-button elementor-swiper-button-next\" role=\"button\" tabindex=\"0\">\n\t\t\t\t\t\t<svg aria-hidden=\"true\" class=\"e-font-icon-svg e-eicon-chevron-right\" viewBox=\"0 0 1000 1000\" xmlns=\"http:\/\/www.w3.org\/2000\/svg\"><path d=\"M696 533C708 521 713 504 713 487 713 471 708 454 696 446L400 146C388 133 375 125 354 125 338 125 325 129 313 142 300 154 292 171 292 187 292 204 296 221 308 233L563 492 304 771C292 783 288 800 288 817 288 833 296 850 308 863 321 871 338 875 354 875 371 875 388 867 400 854L696 533Z\"><\/path><\/svg>\t\t\t\t\t<\/div>\n\t\t\t\t\n\t\t\t\t\t\t\t\t\t<div class=\"swiper-pagination\"><\/div>\n\t\t\t\t\t\t\t\t\t<\/div>\n\t\t\t\t\t\t<\/div>\n\t\t<div class=\"elementor-element elementor-element-1ed3d4df e-con-full e-flex e-con e-child\" data-id=\"1ed3d4df\" data-element_type=\"container\">\n\t\t\t\t<div class=\"elementor-element elementor-element-c215c85 elementor-widget__width-initial elementor-widget elementor-widget-text-editor\" data-id=\"c215c85\" data-element_type=\"widget\" data-widget_type=\"text-editor.default\">\n\t\t\t\t\t\t\t\t\t<h3>Nathalie Barbeau<\/h3>\t\t\t\t\t\t\t\t<\/div>\n\t\t\t\t<div class=\"elementor-element elementor-element-e04e856 elementor-widget__width-initial elementor-widget elementor-widget-text-editor\" data-id=\"e04e856\" data-element_type=\"widget\" data-widget_type=\"text-editor.default\">\n\t\t\t\t\t\t\t\t\t<div style=\"font-size: 1.2em;\">\ud83d\udccd <strong>Lieu<\/strong> : Montr\u00e9al<br \/>\ud83c\udf3f <strong>Mati\u00e8res<\/strong> : toile r\u00e9cup\u00e9r\u00e9e du Stade olympique de Montr\u00e9al<br \/>\ud83d\udee0\ufe0f <strong>Cr\u00e9ations<\/strong> : Sacs et accessoires<\/div>\t\t\t\t\t\t\t\t<\/div>\n\t\t\t\t<div class=\"elementor-element elementor-element-4d9f02dd elementor-widget elementor-widget-text-editor\" data-id=\"4d9f02dd\" data-element_type=\"widget\" data-widget_type=\"text-editor.default\">\n\t\t\t\t\t\t\t\t\t<div dir=\"auto\">Site web : <span class=\"html-span xdj266r x14z9mp xat24cr x1lziwak xexx8yu xyri2b x18d9i69 x1c1uobl x1hl2dhg x16tdsg8 x1vvkbs\"><a class=\"x1i10hfl xjbqb8w x1ejq31n x18oe1m7 x1sy0etr xstzfhl x972fbf x10w94by x1qhh985 x14e42zd x9f619 x1ypdohk xt0psk2 x3ct3a4 xdj266r x14z9mp xat24cr x1lziwak xexx8yu xyri2b x18d9i69 x1c1uobl x16tdsg8 x1hl2dhg xggy1nq x1a2a7pz xkrqix3 x1sur9pj x1fey0fg x1s688f\" tabindex=\"0\" role=\"link\" href=\"https:\/\/www.atelier1142.com\/?fbclid=IwZXh0bgNhZW0CMTAAYnJpZBEwWHBlRFJvTkl0WnlKOXlrcXNydGMGYXBwX2lkEDIyMjAzOTE3ODgyMDA4OTIAAR7Lm9sDoRmiNV2j23cg-naYA9kxtOfiNFF2iqre2TEEFjltrwtlUcdNzjy0Wg_aem_0yIOlpYRTxEVTE5A9c3YuA\" target=\"_blank\" rel=\"nofollow noopener noreferrer\">https:\/\/www.atelier1142.com<\/a><\/span><\/div><div dir=\"auto\">Facebook :\u00a0<span class=\"html-span xdj266r x14z9mp xat24cr x1lziwak xexx8yu xyri2b x18d9i69 x1c1uobl x1hl2dhg x16tdsg8 x1vvkbs\"><a class=\"x1i10hfl xjbqb8w x1ejq31n x18oe1m7 x1sy0etr xstzfhl x972fbf x10w94by x1qhh985 x14e42zd x9f619 x1ypdohk xt0psk2 x3ct3a4 xdj266r x14z9mp xat24cr x1lziwak xexx8yu xyri2b x18d9i69 x1c1uobl x16tdsg8 x1hl2dhg xggy1nq x1a2a7pz xkrqix3 x1sur9pj x1fey0fg x1s688f\" tabindex=\"0\" role=\"link\" href=\"https:\/\/www.facebook.com\/atelier1142?__cft__[0]=AZXdJnr7XBkamRvDKwVe7CFTwv0h-CmtupfhvDnqR3ad8J-8fpgjKdyy_2yPFwC_bjS3RsCb_JahOKHtyyjCi1xndOjUB28jmdCD6h8F_lNvx1uEKVnYzoXgbuVIxn8GImpMr0FbOM0EhdU0UgTpLXY0Z1r85QMSLpOQF3UqgzI0pg&amp;__tn__=-]K-R\"><span class=\"xt0psk2\"><span class=\"xjp7ctv\">https:\/\/www.facebook.com\/atelier1142\/<\/span><\/span><\/a><\/span><\/div><div dir=\"auto\">Instagram :\u00a0<span class=\"html-span xdj266r x14z9mp xat24cr x1lziwak xexx8yu xyri2b x18d9i69 x1c1uobl x1hl2dhg x16tdsg8 x1vvkbs\"><a class=\"x1i10hfl xjbqb8w x1ejq31n x18oe1m7 x1sy0etr xstzfhl x972fbf x10w94by x1qhh985 x14e42zd x9f619 x1ypdohk xt0psk2 x3ct3a4 xdj266r x14z9mp xat24cr x1lziwak xexx8yu xyri2b x18d9i69 x1c1uobl x16tdsg8 x1hl2dhg xggy1nq x1a2a7pz xkrqix3 x1sur9pj x1fey0fg x1s688f\" tabindex=\"0\" role=\"link\" href=\"https:\/\/www.instagram.com\/atelier_1142\/?fbclid=IwZXh0bgNhZW0CMTAAYnJpZBEwWHBlRFJvTkl0WnlKOXlrcXNydGMGYXBwX2lkEDIyMjAzOTE3ODgyMDA4OTIAAR7c5DsxKsAC_gvljW86BulpjzGg_gV6yf2oGLcBDwfFeVyHI66M68huxyjLrw_aem_Kapak3db0FBm8rvXwsHs0w\" target=\"_blank\" rel=\"nofollow noopener noreferrer\">https:\/\/www.instagram.com\/atelier_1142\/<\/a><\/span><\/div>\t\t\t\t\t\t\t\t<\/div>\n\t\t\t\t<\/div>\n\t\t\t\t<\/div>\n\t\t<div class=\"elementor-element elementor-element-5d1225eb e-con-full e-flex e-con e-parent\" data-id=\"5d1225eb\" data-element_type=\"container\">\n\t\t\t\t<div class=\"elementor-element elementor-element-171da21d elementor-widget elementor-widget-text-editor\" data-id=\"171da21d\" data-element_type=\"widget\" data-widget_type=\"text-editor.default\">\n\t\t\t\t\t\t\t\t\t<p>Montr\u00e9al76Mtl, par atelier1142 : sacs et accessoires urbains uniques, fabriqu\u00e9s \u00e0 partir de la toile r\u00e9cup\u00e9r\u00e9e du Stade olympique de Montr\u00e9al. Chaque pi\u00e8ce raconte une histoire, c\u00e9l\u00e9brant \u00e0 la fois l&rsquo;h\u00e9ritage architectural montr\u00e9alais et un engagement fort envers le design durable.<br \/>Montr\u00e9al76Mtl, c&rsquo;est un morceau du Stade olympique qu&rsquo;on porte sur soi- des sacs et accessoires urbains au design durable, charg\u00e9s d&rsquo;histoire et d&rsquo;\u00e9motion. Solides, styl\u00e9s et \u00e9coresponsables: chaque pi\u00e8ce incarne l&rsquo;esprit de Montr\u00e9al et d&rsquo;un pass\u00e9 r\u00e9invent\u00e9.<\/p>\t\t\t\t\t\t\t\t<\/div>\n\t\t\t\t<\/div>\n\t\t\t\t<\/div>\n\t\t","protected":false},"excerpt":{"rendered":"<p>Nathalie Barbeau \ud83d\udccd Lieu : Montr\u00e9al\ud83c\udf3f Mati\u00e8res : toile r\u00e9cup\u00e9r\u00e9e du Stade olympique de Montr\u00e9al\ud83d\udee0\ufe0f Cr\u00e9ations : Sacs et accessoiresSite web : https:\/\/www.atelier1142.comFacebook :\u00a0https:\/\/www.facebook.com\/atelier1142\/Instagram :\u00a0https:\/\/www.instagram.com\/atelier_1142\/ Montr\u00e9al76Mtl, par atelier1142 : sacs et accessoires urbains uniques, fabriqu\u00e9s \u00e0 partir de la toile r\u00e9cup\u00e9r\u00e9e du Stade olympique de Montr\u00e9al. Chaque pi\u00e8ce raconte une histoire, c\u00e9l\u00e9brant \u00e0 la fois [&hellip;]<\/p>\n","protected":false},"author":1,"featured_media":0,"parent":0,"menu_order":0,"comment_status":"closed","ping_status":"closed","template":"","meta":{"_monsterinsights_skip_tracking":false,"_monsterinsights_sitenote_active":false,"_monsterinsights_sitenote_note":"","_monsterinsights_sitenote_category":0,"footnotes":""},"class_list":["post-771","page","type-page","status-publish","hentry"],"jetpack_sharing_enabled":true,"_links":{"self":[{"href":"https:\/\/artisansrecuperateurs.com\/ArtisansWordpress\/index.php\/wp-json\/wp\/v2\/pages\/771","targetHints":{"allow":["GET"]}}],"collection":[{"href":"https:\/\/artisansrecuperateurs.com\/ArtisansWordpress\/index.php\/wp-json\/wp\/v2\/pages"}],"about":[{"href":"https:\/\/artisansrecuperateurs.com\/ArtisansWordpress\/index.php\/wp-json\/wp\/v2\/types\/page"}],"author":[{"embeddable":true,"href":"https:\/\/artisansrecuperateurs.com\/ArtisansWordpress\/index.php\/wp-json\/wp\/v2\/users\/1"}],"replies":[{"embeddable":true,"href":"https:\/\/artisansrecuperateurs.com\/ArtisansWordpress\/index.php\/wp-json\/wp\/v2\/comments?post=771"}],"version-history":[{"count":16,"href":"https:\/\/artisansrecuperateurs.com\/ArtisansWordpress\/index.php\/wp-json\/wp\/v2\/pages\/771\/revisions"}],"predecessor-version":[{"id":1156,"href":"https:\/\/artisansrecuperateurs.com\/ArtisansWordpress\/index.php\/wp-json\/wp\/v2\/pages\/771\/revisions\/1156"}],"wp:attachment":[{"href":"https:\/\/artisansrecuperateurs.com\/ArtisansWordpress\/index.php\/wp-json\/wp\/v2\/media?parent=771"}],"curies":[{"name":"wp","href":"https:\/\/api.w.org\/{rel}","templated":true}]}}