{"id":1246,"date":"2025-11-30T15:02:52","date_gmt":"2025-11-30T15:02:52","guid":{"rendered":"https:\/\/artisansrecuperateurs.com\/ArtisansWordpress\/?page_id=1246"},"modified":"2025-12-02T13:21:04","modified_gmt":"2025-12-02T13:21:04","slug":"donnez-une-nouvelle-vie-a-vos-objets-au-mar-vos-matieres-deviennent-des-oeuvres-dart","status":"publish","type":"page","link":"https:\/\/artisansrecuperateurs.com\/ArtisansWordpress\/index.php\/donnez-une-nouvelle-vie-a-vos-objets-au-mar-vos-matieres-deviennent-des-oeuvres-dart\/","title":{"rendered":"Donnez une nouvelle vie \u00e0 vos objets : au MAR, vos mati\u00e8res deviennent des \u0153uvres d\u2019art !"},"content":{"rendered":"\n<p>Cette ann\u00e9e, le&nbsp;<strong>March\u00e9 des Artisans R\u00e9cup\u00e9rateurs<\/strong>&nbsp;va encore plus loin dans l\u2019\u00e9conomie circulaire.<br>En plus de pr\u00e9senter des cr\u00e9ations uniques fabriqu\u00e9es \u00e0 partir de mati\u00e8res r\u00e9cup\u00e9r\u00e9es,&nbsp;<strong>plusieurs de nos artisans vous invitent \u00e0 leur apporter vos mat\u00e9riaux inutilis\u00e9s<\/strong>&nbsp;directement au march\u00e9\u2026 pour les transformer en nouvelles \u0153uvres d\u2019art !<\/p>\n\n\n\n<p>Une fabuleuse mani\u00e8re de prolonger la vie des objets, d\u2019all\u00e9ger vos tiroirs et de contribuer concr\u00e8tement au travail de cr\u00e9ateurs d\u2019ici \u2014 tout en r\u00e9duisant les d\u00e9chets de mani\u00e8re joyeuse et collaborative.<\/p>\n\n\n\n<p>Voici les artisan.e.s qui&nbsp;<strong>acceptent vos mati\u00e8res sur place<\/strong>&nbsp;:<\/p>\n\n\n\n<hr class=\"wp-block-separator has-alpha-channel-opacity\"\/>\n\n\n\n<h1 class=\"wp-block-heading\"><strong><a href=\"https:\/\/artisansrecuperateurs.com\/ArtisansWordpress\/index.php\/artisan-chantal-koot-sculptrice\/\">Chantal Koot \u2013 Sculptures en mati\u00e8res recycl\u00e9es<\/a><\/strong><\/h1>\n\n\n\n<h3 class=\"wp-block-heading\">Ce qu\u2019elle r\u00e9cup\u00e8re :<\/h3>\n\n\n\n<ul class=\"wp-block-list\">\n<li>vieux t-shirts et tissus&nbsp;<strong>100 % naturels<\/strong>&nbsp;(coton, laine, soie, lin)<\/li>\n\n\n\n<li><em>m\u00eame trou\u00e9s ou tach\u00e9s<\/em><\/li>\n\n\n\n<li>fils de cuivre<\/li>\n\n\n\n<li>vieilles breloques<\/li>\n\n\n\n<li>bijoux d\u00e9pareill\u00e9s<\/li>\n<\/ul>\n\n\n\n<h3 class=\"wp-block-heading\">Pourquoi ?<\/h3>\n\n\n\n<p>Chantal transforme les textiles naturels et les mat\u00e9riaux r\u00e9cup\u00e9r\u00e9s en sculptures vivantes inspir\u00e9es du quotidien. Les tissus servent de base \u00e0 ses personnages, tandis que les m\u00e9taux et bijoux trouvent une nouvelle utilit\u00e9 comme d\u00e9tails d\u00e9coratifs.<br>\u2192 Vos \u201cvieux tissus\u201d deviennent de v\u00e9ritables \u0153uvres d\u2019art durables !<\/p>\n\n\n\n<hr class=\"wp-block-separator has-alpha-channel-opacity\"\/>\n\n\n\n<h1 class=\"wp-block-heading\"><strong><a href=\"https:\/\/artisansrecuperateurs.com\/ArtisansWordpress\/index.php\/verre-vert-marie-odile-lepine\/\">Verre Vert \u2013 Bijoux et objets po\u00e9tiques en verre<\/a><\/strong><\/h1>\n\n\n\n<h3 class=\"wp-block-heading\">Ce qu\u2019elle r\u00e9cup\u00e8re :<\/h3>\n\n\n\n<ul class=\"wp-block-list\">\n<li>bijoux bris\u00e9s ou non<\/li>\n\n\n\n<li>boucles d\u2019oreilles solitaires<\/li>\n\n\n\n<li>cha\u00eenes, pendentifs<\/li>\n\n\n\n<li>porte-cl\u00e9s<\/li>\n<\/ul>\n\n\n\n<h3 class=\"wp-block-heading\">Pourquoi ?<\/h3>\n\n\n\n<p>Ces petits objets souvent oubli\u00e9s dans nos tiroirs sont transform\u00e9s par Verre Vert en bijoux lumineux, garde-secrets, lampes ludiques ou d\u00e9corations po\u00e9tiques.<br>\u2192 Donnez une seconde vie \u00e0 vos tr\u00e9sors abandonn\u00e9s !<\/p>\n\n\n\n<hr class=\"wp-block-separator has-alpha-channel-opacity\"\/>\n\n\n\n<h1 class=\"wp-block-heading\"><strong><a href=\"https:\/\/artisansrecuperateurs.com\/ArtisansWordpress\/index.php\/slowly-colibri-laurine-clere\/\">Slowly Colibri \u2013 Mode po\u00e9tique con\u00e7ue \u00e0 partir de textiles revaloris\u00e9s<\/a><\/strong><\/h1>\n\n\n\n<h3 class=\"wp-block-heading\">Ce qu\u2019elle r\u00e9cup\u00e8re :<\/h3>\n\n\n\n<ul class=\"wp-block-list\">\n<li>linge de maison en&nbsp;<strong>jacquard ou coton<\/strong><br>(rideaux, nappes, draps, housses\u2026)<\/li>\n<\/ul>\n\n\n\n<h3 class=\"wp-block-heading\">Pourquoi ?<\/h3>\n\n\n\n<p>Slowly Colibri utilise des textiles riches en texture pour cr\u00e9er des v\u00eatements au style romantique et intemporel.<br>\u2192 Vos anciens rideaux deviennent des corsets doux et durables !<\/p>\n\n\n\n<hr class=\"wp-block-separator has-alpha-channel-opacity\"\/>\n\n\n\n<h1 class=\"wp-block-heading\"><strong><a href=\"https:\/\/www.facebook.com\/EcoFoliesSchatzy\/\">Aux \u00c9co-Folies de Schatzy \u2013 Papeterie festive et upcycl\u00e9e<\/a><\/strong><\/h1>\n\n\n\n<h3 class=\"wp-block-heading\">Ce qu\u2019elle r\u00e9cup\u00e8re :<\/h3>\n\n\n\n<ul class=\"wp-block-list\">\n<li>grands livres d\u00e9suets<\/li>\n\n\n\n<li>fins de pelotes de laine<\/li>\n<\/ul>\n\n\n\n<h3 class=\"wp-block-heading\">Pourquoi ?<\/h3>\n\n\n\n<p>Les pages deviennent cartes de v\u0153ux, enveloppes, d\u00e9corations des F\u00eates ; la laine compl\u00e8te ses cr\u00e9ations artisanales.<br>\u2192 Des livres oubli\u00e9s renaissent en papeterie lumineuse !<\/p>\n\n\n\n<hr class=\"wp-block-separator has-alpha-channel-opacity\"\/>\n\n\n\n<h1 class=\"wp-block-heading\"><a href=\"https:\/\/artisansrecuperateurs.com\/ArtisansWordpress\/index.php\/creations-gdc-ghislaine-descotes\/\">Ghislaine Descote \u2013 Cr\u00e9ations GDC<\/a><\/h1>\n\n\n\n<h3 class=\"wp-block-heading\">Ce qu\u2019elle r\u00e9cup\u00e8re :<\/h3>\n\n\n\n<ul class=\"wp-block-list\">\n<li>retailles de cuir<\/li>\n<\/ul>\n\n\n\n<h3 class=\"wp-block-heading\">Pourquoi ?<\/h3>\n\n\n\n<p>Ghislaine transforme ces retailles en sacs robustes, mini-sacs et accessoires durables.<br>\u2192 Vos chutes de cuir l\u2019aident \u00e0 cr\u00e9er des pi\u00e8ces uniques.<\/p>\n\n\n\n<hr class=\"wp-block-separator has-alpha-channel-opacity\"\/>\n\n\n\n<h1 class=\"wp-block-heading\"><strong><a href=\"https:\/\/artisansrecuperateurs.com\/ArtisansWordpress\/index.php\/do-re-mi-bracelets-etc-anik-thibaudeau\/\">Do Re Mi Bracelets etc. \u2013 Bijoux faits \u00e0 partir d\u2019instruments recycl\u00e9s<\/a><\/strong><\/h1>\n\n\n\n<h3 class=\"wp-block-heading\">Ce qu\u2019elle r\u00e9cup\u00e8re :<\/h3>\n\n\n\n<ul class=\"wp-block-list\">\n<li>cordes d\u2019instruments (guitare, basse, violon, violoncelle\u2026)<\/li>\n\n\n\n<li>morceaux d\u2019instruments (baguettes de tambour, pi\u00e8ces de piano, etc.)<\/li>\n<\/ul>\n\n\n\n<h3 class=\"wp-block-heading\">Pourquoi ?<\/h3>\n\n\n\n<p>Ces fragments deviennent bracelets, bijoux, objets d\u00e9coratifs : chaque pi\u00e8ce porte la m\u00e9moire de la musique.<br>\u2192 Vos objets musicaux deviennent des cr\u00e9ations charg\u00e9es d\u2019histoire.<\/p>\n\n\n\n<hr class=\"wp-block-separator has-alpha-channel-opacity\"\/>\n\n\n\n<h1 class=\"wp-block-heading\"><strong><a href=\"https:\/\/artisansrecuperateurs.com\/ArtisansWordpress\/index.php\/la-hache-sonia-landry\/\" data-type=\"link\" data-id=\"https:\/\/artisansrecuperateurs.com\/ArtisansWordpress\/index.php\/la-hache-sonia-landry\/\">La Hache &#8211; de vieux livres<\/a><\/strong><\/h1>\n\n\n\n<h3 class=\"wp-block-heading\">Ce qu\u2019elle r\u00e9cup\u00e8re :<\/h3>\n\n\n\n<ul class=\"wp-block-list\">\n<li>de vieux livres<\/li>\n<\/ul>\n\n\n\n<h3 class=\"wp-block-heading\">Pourquoi ?<\/h3>\n\n\n\n<p>Ces livres auront une impression par linogravures. Cela pourrait \u00eatre notamment la typographie fait la forme de la r\u00e9gion administrative repr\u00e9sent\u00e9e !<\/p>\n\n\n\n<hr class=\"wp-block-separator has-alpha-channel-opacity\"\/>\n\n\n\n<h1 class=\"wp-block-heading\"><strong><a href=\"https:\/\/unel.ca\">Unel \u2013 Cr\u00e9ations textiles revaloris\u00e9es<\/a><\/strong><\/h1>\n\n\n\n<h3 class=\"wp-block-heading\">Ce qu\u2019elle r\u00e9cup\u00e8re :<\/h3>\n\n\n\n<ul class=\"wp-block-list\">\n<li>v\u00eatements ou tissus&nbsp;<strong>color\u00e9s \u00e0 motifs<\/strong><br>(m\u00eame us\u00e9s, d\u00e9mod\u00e9s ou trou\u00e9s)<\/li>\n<\/ul>\n\n\n\n<h3 class=\"wp-block-heading\">Pourquoi ?<\/h3>\n\n\n\n<p>Unel utilise ces textiles pour coudre mitaines, bouillottes, sacs, pochettes et objets durables.<br>\u2192 Vos tissus oubli\u00e9s se transforment en cr\u00e9ations utiles et jolies.<\/p>\n\n\n\n<hr class=\"wp-block-separator has-alpha-channel-opacity\"\/>\n\n\n\n<h1 class=\"wp-block-heading\"><strong><a href=\"https:\/\/artisansrecuperateurs.com\/ArtisansWordpress\/index.php\/atelier-du-bon-bouleau-mathieu-chaume\/\" data-type=\"link\" data-id=\"https:\/\/artisansrecuperateurs.com\/ArtisansWordpress\/index.php\/atelier-du-bon-bouleau-mathieu-chaume\/\">Atelier du Bon Bouleau \u2013 Bagues, objets en bois et bijoux uniques<\/a><\/strong><\/h1>\n\n\n\n<h3 class=\"wp-block-heading\">Ce qu\u2019il r\u00e9cup\u00e8re :<\/h3>\n\n\n\n<ul class=\"wp-block-list\">\n<li>vieux morceaux de bois<\/li>\n\n\n\n<li>bouts de m\u00e9tal<\/li>\n\n\n\n<li>vieux bijoux<\/li>\n<\/ul>\n\n\n\n<h3 class=\"wp-block-heading\">Pourquoi ?<\/h3>\n\n\n\n<p>Le bois recycl\u00e9 devient bagues de mariage, les m\u00e9taux servent d&rsquo;incrustations, et les bijoux r\u00e9cup\u00e9r\u00e9s nourrissent leur cr\u00e9ativit\u00e9.<br>\u2192 Vos mat\u00e9riaux bruts deviennent des pi\u00e8ces d\u2019\u00e9b\u00e9nisterie d\u2019art.<\/p>\n\n\n\n<hr class=\"wp-block-separator has-alpha-channel-opacity\"\/>\n\n\n\n<h1 class=\"wp-block-heading\"><strong>Comment participer ?<\/strong><\/h1>\n\n\n\n<ol class=\"wp-block-list\">\n<li><strong>Faites le tri<\/strong>&nbsp;avant de venir au march\u00e9.<\/li>\n\n\n\n<li>Apportez vos mati\u00e8res aux artisans concern\u00e9s (chaque kiosque affichera ce qu\u2019il accepte).<\/li>\n\n\n\n<li>Repartez l\u00e9ger, heureux, et fier de contribuer \u00e0 de nouvelles cr\u00e9ations !<\/li>\n<\/ol>\n\n\n\n<hr class=\"wp-block-separator has-alpha-channel-opacity\"\/>\n\n\n\n<h1 class=\"wp-block-heading\"><strong>Un petit geste pour vous, un grand geste pour l\u2019\u00e9conomie circulaire<\/strong><\/h1>\n\n\n\n<p>En donnant vos mati\u00e8res directement aux artisans :<\/p>\n\n\n\n<ul class=\"wp-block-list\">\n<li>vous r\u00e9duisez les d\u00e9chets textiles, m\u00e9talliques, livresques ou artistiques,<\/li>\n\n\n\n<li>vous soutenez la cr\u00e9ation locale,<\/li>\n\n\n\n<li>vous participez \u00e0 un \u00e9cosyst\u00e8me joyeux, concret et durable.<\/li>\n<\/ul>\n\n\n\n<p><strong>Merci d\u2019\u00eatre partie prenante de ce cercle vertueux ! <\/strong><\/p>\n\n\n\n<p><br>On se retrouve du 5 au 7 d\u00e9cembre 2025 \u00e0 l\u2019Esplanade Tranquille pour c\u00e9l\u00e9brer ensemble la cr\u00e9ativit\u00e9, la r\u00e9cup\u00e9ration et un No\u00ebl plus responsable.<\/p>\n","protected":false},"excerpt":{"rendered":"<p>Cette ann\u00e9e, le&nbsp;March\u00e9 des Artisans R\u00e9cup\u00e9rateurs&nbsp;va encore plus loin dans l\u2019\u00e9conomie circulaire.En plus de pr\u00e9senter des cr\u00e9ations uniques fabriqu\u00e9es \u00e0 partir de mati\u00e8res r\u00e9cup\u00e9r\u00e9es,&nbsp;plusieurs de nos artisans vous invitent \u00e0 leur apporter vos mat\u00e9riaux inutilis\u00e9s&nbsp;directement au march\u00e9\u2026 pour les transformer en nouvelles \u0153uvres d\u2019art ! Une fabuleuse mani\u00e8re de prolonger la vie des objets, d\u2019all\u00e9ger [&hellip;]<\/p>\n","protected":false},"author":2,"featured_media":0,"parent":0,"menu_order":0,"comment_status":"closed","ping_status":"closed","template":"","meta":{"_monsterinsights_skip_tracking":false,"_monsterinsights_sitenote_active":false,"_monsterinsights_sitenote_note":"","_monsterinsights_sitenote_category":0,"footnotes":""},"class_list":["post-1246","page","type-page","status-publish","hentry"],"jetpack_sharing_enabled":true,"_links":{"self":[{"href":"https:\/\/artisansrecuperateurs.com\/ArtisansWordpress\/index.php\/wp-json\/wp\/v2\/pages\/1246","targetHints":{"allow":["GET"]}}],"collection":[{"href":"https:\/\/artisansrecuperateurs.com\/ArtisansWordpress\/index.php\/wp-json\/wp\/v2\/pages"}],"about":[{"href":"https:\/\/artisansrecuperateurs.com\/ArtisansWordpress\/index.php\/wp-json\/wp\/v2\/types\/page"}],"author":[{"embeddable":true,"href":"https:\/\/artisansrecuperateurs.com\/ArtisansWordpress\/index.php\/wp-json\/wp\/v2\/users\/2"}],"replies":[{"embeddable":true,"href":"https:\/\/artisansrecuperateurs.com\/ArtisansWordpress\/index.php\/wp-json\/wp\/v2\/comments?post=1246"}],"version-history":[{"count":4,"href":"https:\/\/artisansrecuperateurs.com\/ArtisansWordpress\/index.php\/wp-json\/wp\/v2\/pages\/1246\/revisions"}],"predecessor-version":[{"id":1451,"href":"https:\/\/artisansrecuperateurs.com\/ArtisansWordpress\/index.php\/wp-json\/wp\/v2\/pages\/1246\/revisions\/1451"}],"wp:attachment":[{"href":"https:\/\/artisansrecuperateurs.com\/ArtisansWordpress\/index.php\/wp-json\/wp\/v2\/media?parent=1246"}],"curies":[{"name":"wp","href":"https:\/\/api.w.org\/{rel}","templated":true}]}}